et m = -284 - -292. Let r(n) = 8*n**2 + 5*n - 29. Is r(m) a prime number?
True
Suppose -3*i = -11*i + 160. Let o(u) = u**3 - 12*u**2 + u - 21. Is o(i) prime?
False
Let r(z) = -17*z - 6. Let q be r(1). Let o be (-118)/(117/q + 5). Let g = -786 + o. Is g prime?
True
Suppose -10 = -3*a - q, -4*q + 8 = -8. Let t be (-3)/a*4/(-6)*-1. Is 1/((-180)/(-177) + t) prime?
True
Let u(p) = 8541*p**2 + 104*p + 1601. Is u(-14) a prime number?
True
Let o(c) = -32*c + 15*c + 16*c + 22. Let s be o(4). Suppose 6*j + s = 2052. Is j composite?
True
Is (-606120184)/(-2552) - 24/(-22) a prime number?
True
Suppose -4*u + 3*h = 1770451 - 5728209, -1978874 = -2*u + 4*h. Is u prime?
True
Suppose -5*s - 2*d - 33 = 0, 3*s = -2*d + 3*d - 11. Let i be (2/(-4))/(s/130). Suppose -8*p - 14090 = -i*p. Is p a composite number?
True
Suppose -54*t = -60*t + 6060. Let i = t + 4803. Is i a prime number?
True
Suppose -2*t - 3*c + 59 = 0, 16*c = t + 19*c - 22. Suppose 1337 = -32*b + t*b + 3*w, -w = -4*b + 1056. Is b a composite number?
True
Let p(v) = 18*v - 41 - 3*v**2 + 8*v**2 - 10*v**2 - 2*v**2 + 2*v**3. Let g be p(13). Suppose 4*n - 2*j + 0*j - 2726 = 0, -5*n - j = -g. Is n prime?
False
Is (2 + -12 - -9)/(6 - (-2487052)/(-414508)) prime?
False
Let b be 885302/(-66) - (-4)/6. Let d = b + 22690. Is d prime?
True
Let x(r) = -r + 129*r**2 - 70*r**2 - 57*r**2 - 9. Let c be 24/(-10)*(-20)/(-6). Is x(c) prime?
True
Is 3/3*(2236/688)/(1/118268) composite?
True
Let z(n) = -n**2 - 12*n - 17. Suppose -p = -0*b + 2*b + 12, -35 = 3*p + 5*b. Let f be z(p). Let j(i) = 31*i**3 - i**2 - i - 4. Is j(f) a composite number?
False
Let v = -931 - -1371. Let t(n) = -2*n**2 + 11*n - 3. Let s be t(-10). Let p = v + s. Is p prime?
True
Let j = 37071 - 3550. Is j composite?
False
Suppose -5*s + 5*i + 25 = 0, s - 13 = -3*i + 8*i. Let n be s - (8/(-2) - 2774). Suppose f = 10*f - n. Is f composite?
True
Let p(g) = -g**2 - 5*g + 7. Let c be (-23)/7 - 2 - (-20)/70. Let o be p(c). Suppose -4*a + 9707 = 4*z - o*z, 0 = -2*a + 3*z + 4855. Is a composite?
True
Let h(c) = 233*c + 24. Let q be (-6)/(-4) + (-15)/(-20)*2. Suppose -t = -3*t + 5*s + 4, -27 = -q*t - 3*s. Is h(t) a prime number?
False
Suppose -7*f - 48 = -153. Let s = f + -13. Suppose -607 = -3*d + 5*v, -s*d = d + 4*v - 589. Is d a composite number?
False
Is -3*631367/(-66) + 4/8 a prime number?
False
Suppose -179*r + 4 = -177*r. Is 2307 - (r - (-4 - (6 + -14))) prime?
True
Let n = -186 - -182. Is (1977 + 29)*(0 - 2/n) prime?
False
Suppose -4*z + 120 = 5*s, -2*s - 5*z + 65 = -0*s. Suppose 2*m - 3*x = m - 3, -s = -5*x. Is 207 - m/(18/8) a prime number?
False
Suppose 5 = -m, 2*m = -3*d - 2*m + 1720306. Is d a prime number?
False
Is -6 - (10 - 66)/4 - -59393 a prime number?
False
Is 57195435/99*(-12)/(-20) a composite number?
False
Suppose -338399 = -k + 2*z, 1055*k + 3*z - 676826 = 1053*k. Is k a composite number?
False
Let g(q) = -q**3 + 156*q**2 + 165*q - 173. Is g(101) prime?
True
Let p = -230 + 422. Let u = -322 + p. Let l = -61 - u. Is l composite?
True
Suppose -3*t - 694 = -4603. Suppose y - 4*p - t = 3978, 5*p = -2*y + 10497. Is y a prime number?
True
Let g(d) = 916*d**2 + 6*d - 7. Let y(c) = -1834*c**2 - 11*c + 15. Let m(x) = -7*g(x) - 4*y(x). Is m(3) composite?
False
Let l be 20 + -3 - (5 - 2). Let t(v) = 1 - 2*v**2 + 28*v + 18 + 6*v**2. Is t(l) a prime number?
False
Let u = -18731 - -55998. Is u composite?
True
Let i(k) = -k**3 + k**2 - k - 4. Let o be (92/28 - 3) + 32/(-14). Let d be i(o). Let h(c) = 4*c**3 - 8*c**2 - 12*c - 1. Is h(d) prime?
True
Let i(u) = u**3 - 2*u**2 - 6*u - 5. Let z be i(4). Suppose 5689 = z*m + 4*s, 2*m + 5*s - 1878 = m. Is m prime?
False
Let g(p) = -p + 5. Let s(a) = 1. Let r(z) = g(z) + 4*s(z). Let t be r(4). Suppose 0 = -l + 2, 2*u - t*l - 430 = 462. Is u prime?
False
Suppose -5*u = 2*j - 455418, -j = 48*u - 51*u - 227731. Is j composite?
False
Suppose d + 189 + 262 = 0. Let v = 1136 + d. Is v a prime number?
False
Let y(p) = -9*p - 15. Let b be y(16). Let v = 216 - -77. Let h = v + b. Is h composite?
True
Let m(h) = h**3 + 15*h**2 - 17*h - 14. Let f be m(-16). Suppose -5*s + 39 = -4*k, -3*k = f + 1. Suppose -s*y - 556 = -11*y. Is y a prime number?
True
Let i(k) = -k**2 - 6*k - 5. Let a be i(-5). Suppose 3*s - 16555 = 2*u + 5032, a = 2*s - 2*u - 14392. Is s prime?
False
Is 2*496790/20 - 16 prime?
True
Let i(o) = 8421*o - 1208. Is i(2) a prime number?
False
Suppose 10*t - 11*t = 5*b, -4*t = 0. Suppose -35*j + 4*v = -30*j - 11549, j - 4*v - 2313 = b. Is j a composite number?
False
Let w = 58508 - 9501. Is w composite?
True
Let k(f) = 268*f**2 - 51*f + 271. Is k(16) prime?
False
Let n be 5 + 10688*4/8. Suppose 11*f + n = 29120. Is f a composite number?
False
Suppose 23*m - 427 = 378. Let k(z) = 3*z + 3. Let a be k(-8). Is (-6)/a - (-12835)/m a composite number?
False
Let y be (-1 - -5)*1/1. Suppose -2*s - 43 = -5*r, y*s + 2*r = 9*s + 55. Is (-6)/s + ((-9230)/(-6) - -4) a prime number?
True
Let m(u) = 857*u**2 - 226*u - 23. Is m(-12) a prime number?
True
Suppose -226 = 2*d - 2. Let o = 218 + d. Let v = o - 27. Is v prime?
True
Let w be (-162)/(-4) + 2/4. Let h be (-4)/(24/(-138)) + 0/2. Is h/2*(5 + w) a prime number?
False
Suppose -3*a + 2332129 = 4*p, -117*p + 3*a = -113*p - 2332183. Is p a composite number?
True
Let p = 51 - 49. Suppose 3*x + 5*w = 3*w - 19, -2*x + p*w = 6. Let c(k) = 3*k**2 - 16*k. Is c(x) prime?
False
Let k be (68/8)/(4/24). Let x = k + -43. Suppose -18 = -2*o + x. Is o a composite number?
False
Let o = -513259 + 940472. Is o prime?
True
Let p(z) = z**2 + 12*z + 20. Let n be p(-10). Suppose n = -o - 3*o + 27764. Is o a composite number?
True
Let s = 8 - 6. Let t(x) = 4*x - 2*x**2 - s*x + 0*x - 12 + 133*x**3 - 130*x**3. Is t(5) a composite number?
True
Let v = 177404 - 93145. Is v a composite number?
True
Suppose 0 = 6*q - 7*q + 2. Suppose -4*h = q*c - 1002, -1984 = -4*c - 5*h + h. Is c composite?
False
Suppose 2*r = -0*r + 10. Let p be (-9 + r)/((-4)/6). Suppose -p*y + 11*y = 1655. Is y a composite number?
False
Suppose -19898 = 3*a + k, -a - 4*a - 4*k = 33154. Is (2 + a)*-2 - 1 prime?
False
Let y(n) = 2694 - 2726 + 56*n + 103*n. Let x be y(9). Suppose 7*u - 8*u = -x. Is u composite?
False
Let q(w) = 283*w + 2021. Is q(74) prime?
True
Let r(n) = -3418*n**3 - n - 1. Let t be r(-1). Let s = t + -1127. Is s a composite number?
True
Suppose -4*x + 492014 = -3*i, -3*x + 18*i + 369021 = 14*i. Is x composite?
True
Is 11/9*(31736 - 137) a prime number?
False
Suppose -141*i - 25030 = -151*i. Is i prime?
True
Suppose -5*h + 7*g + 1906718 = 10*g, -3*h - 5*g = -1144034. Is h a prime number?
True
Suppose 0 = -16*n + 2128 + 832. Suppose -n*m = -184*m - 28363. Is m composite?
True
Suppose 5 = 3*u + 5*z, 4*u - 8*z = -3*z + 30. Is u*(44181/15 + 8) a composite number?
False
Is ((-7)/(-56))/(1/(-4))*949098/(-3) a composite number?
True
Let b(m) = -m**3 - 8*m**2 + 15*m - 48. Let v be b(-10). Suppose 41831 = v*t - 5*r, -4*r + 62704 = 3*t - 3*r. Is t composite?
False
Is (17 - (-351373)/(-34))/(2/(-4)) a composite number?
True
Suppose -f = o - 2002803 + 87592, -5*f - 5745601 = -3*o. Is o prime?
False
Suppose -446 = c + 992. Let r = c - -3557. Is r prime?
False
Suppose -7*f + 2*f + 5818 = -4*h, 5*h = 3*f - 3483. Suppose -3*a + f + 367 = 0. Is a a composite number?
True
Let r(t) = 33887*t**2 + 14*t - 17. Is r(2) composite?
False
Let d(f) = 1269*f - 1. Let i(c) = 6346*c - 4. Let u(o) = 16*d(o) - 3*i(o). Let p be u(1). Suppose 4*v - 6*v + p = 0. Is v prime?
True
Let f = 1263 + -1290. Let i(v) = 7*v**2 - 58*v - 36. Let t(m) = 7*m**2 - 58*m - 37. Let u(g) = 5*i(g) - 4*t(g). Is u(f) composite?
False
Is ((-8361)/12)/((-36)/15216) composite?
True
Let o(a) = -130*a - 19. Let w be o(-14). Suppose -17*h - w = -18*h. Is h composite?
False
Let n(q) = 4*q + 43. Let x be n(-10). Let m be 5225 - (-8)/6*x/(-2). Suppose 5*v = 2*s + m, 0*s = 4*v + 2*s - 4164. Is v a prime number?
False
Let i(w) = w**3 - 5*w**2 + w + 6. Let a be i(5). Suppose 0 = 2*c + 3*c - f + 42, -5*c + 5*f = 50. Let v = a - c. Is v prime?
True
Suppose -17*i + 15*i + 36 = 2*n, 4*n = -2*i + 58. Let y(b) = 19*b - b + 25*b + 8. Is y(n) a prime number?
False
Let k(b) = -30 - 3341*b + 233*b - 48 - 43. Is k(-3) a composite number?
False
Let s(i) = 101*i + 269. Let a be s(36). Suppo